). Give m(b).
-5
Let i(l) = l + 22. Let a(s) = -33*s**3 - s**2 - 3*s + 1. Let z be a(2). Let j = -273 - z. Determine i(j).
22
Let n(b) = 2*b**2 + 50*b - 11. Let r(t) = -4*t**2 - 79*t + 17. Let z(u) = -8*n(u) - 5*r(u). Give z(5).
78
Let d(x) = x**2 + 4*x + 2. Suppose 329*v = 242*v + 87. Calculate d(v).
7
Let y(j) be the first derivative of 10*j**2 + 189*j - 171. Let s be y(-9). Let w(u) = u**3 - 9*u**2 - u + 11. Determine w(s).
2
Let d(b) = -29*b**2 - 10*b + 12*b**2 - 12 - 3 + 15*b**2 - 7. What is d(-3)?
-10
Let p(s) = -s**2 - s + 9. Suppose 2*b + 0*k = -4*k - 18, 3 = -b - k. Give p(b).
-3
Let w(d) = -7*d**3 + 9*d**2 + d + 58. Let m(z) = -3*z**3 + 4*z**2 + 25. Let g(k) = -9*m(k) + 4*w(k). Calculate g(3).
-8
Let u(w) = w**2 + 12*w - 6. Let z be (-9)/36 - (-159)/12. Let c(n) = 2*n**2 + 26*n - 13. Let j(q) = z*u(q) - 6*c(q). Determine j(3).
9
Let t(m) = -6*m - 19. Let v be t(-4). Let j(g) be the third derivative of -g**5/60 + g**4/6 + 5*g**3/6 - 240*g**2. Calculate j(v).
0
Let n(k) = -k**3 - 5*k**2 + 6*k. Let m(t) = 1483*t - 1493*t - 3*t**2 - 3 - 6 + 2*t**2 + 6*t**3. Let q be m(-1). Determine n(q).
0
Let k(j) = -j - 26. Let z(l) = -l + 23. Let x(g) = 2*g - 23. Let b(d) = -2*x(d) - 3*z(d). Let a(h) = 3*b(h) - 2*k(h). Calculate a(-10).
-7
Let p = 12 + -12. Suppose 0*c = 4*c + v - 12, 2*v = p. Suppose -3*z = -18 - c. Let n(y) = -2*y + 10. What is n(z)?
-4
Suppose -4*b + 0*b - i + 110 = 0, -i + 137 = 5*b. Let m = b + -27. Suppose 3*c = -m*c + 12. Let f(k) = 3*k - 4. What is f(c)?
8
Let r(p) = -3*p**2 + 302*p - 21. Let j(m) = 3*m**2 - 364*m + 22. Let l(d) = 5*j(d) + 6*r(d). Determine l(-5).
-51
Let u(w) be the third derivative of -w**6/120 - 13*w**5/30 - 6*w**4 + w**3/6 - 2*w**2 - 2*w - 22. Give u(-18).
1
Let n = -27 + 29. Suppose 3*v - 2*v + n = 0. Let l be v/5 - (-69)/(-15). Let c(y) = y**2 + 3*y - 6. Calculate c(l).
4
Let z(w) = -8*w**2 + w**3 - 6 + 1 + 1. Let b be (-1 - 4)/(0 + -1). Suppose v = -j + 3, -3*v - 3 + 52 = -b*j. What is z(v)?
-4
Let h(r) be the second derivative of -r**3 + 11*r**2/2 - 94*r + 4. Determine h(-5).
41
Let k(a) = 12*a - 218. Let q be k(19). Let n(l) = 8*l - 82. Let p be n(q). Let v(f) = 5*f**2 + 4*f + 2. Calculate v(p).
14
Let z(i) = -i**2 + 3*i - 1. Let n(l) = 3*l**2 - 10*l - 9. Let r(u) = -u**2 - 21*u - 21. Let c be r(-20). Let p(a) = c*n(a) - 2*z(a). Determine p(6).
-1
Suppose 9*c + 41 = 5. Let d be 2*(15/3 + c). Let r(t) = 4*t - 5*t + 1 + 0*t**d + 6*t**2. What is r(1)?
6
Let q(n) = 4*n + 24. Let f be q(-3). Suppose -18*w = 84 - f. Let c(i) = 1 - i**3 - 4*i**2 - i - i - 6. Determine c(w).
3
Let s(l) = -l**3 - 10*l**2 - 11*l - 13. Suppose 323 = -41*m - 87. Determine s(m).
97
Suppose -84*a - 1314 = 366. Let k(c) = 2*c + 34. Determine k(a).
-6
Let r(s) = -27*s - 210. Let o(y) = -2*y. Let w(k) = -6*o(k) + r(k). Give w(-14).
0
Let r(n) = -n**2 - 7*n - 9. Let c = 22 - -78. Suppose 2*v = c - 112. Give r(v).
-3
Suppose -4*b - 15 = -7*b. Let d be (-6 + 15)*b/15. Let j(t) = 2*t. Calculate j(d).
6
Let v be 120/16*12/9. Suppose -v*q = -3*q. Let n(y) = -7*y**2 - 6*y + 3. Let w(z) = -8*z**2 - 7*z + 3. Let f(l) = 7*n(l) - 6*w(l). What is f(q)?
3
Let k(z) = z**2 + 3. Suppose 4*m = -2*l + 54, -m + 4*l = -0*l. Let w = 4 - 2. Suppose d + w*d = m. Calculate k(d).
19
Let y = -246 + 269. Let t(q) be the second derivative of -q**3/2 + 31*q**2 - 11*q. Let m be t(y). Let r(p) = p**2 + 8*p + 10. What is r(m)?
3
Let n(u) = -6209134*u**2 + 4 + 6209136*u**2 + 9 + 21*u. Give n(-10).
3
Let q(z) be the first derivative of z**4/4 + 2*z**3/3 - 7*z**2/2 + 6*z + 2164. What is q(3)?
30
Let h(v) = 139*v - 20. Let w(i) = -389*i + 59. Let s(c) = -14*h(c) - 5*w(c). What is s(0)?
-15
Let i(b) = 9*b**3 + b**2 + 2*b - 1. Let j be (24/16)/(15/6 - 1). Give i(j).
11
Let o(i) be the first derivative of i**4/4 - 4*i**3 - 15*i**2/2 + i - 471. Calculate o(13).
-25
Let l(o) = o**2 - 5*o - 1. Let d be ((-41)/(-1))/((-37)/185). Let i = d + 211. Calculate l(i).
5
Let s(y) = -y**2 - 11*y + 119. Let t be 65/9 + 187/(-297)*-6 + -4. Determine s(t).
-7
Suppose 22*s + 639 = 93*s. Let d(b) = -b**2 + 16*b - 6. Calculate d(s).
57
Let g(y) = 1. Let a(l) = l + 2. Let t(b) = -3*a(b) + 2*g(b). Suppose 3*m - 12 = -5*p, 3613*m = 2*p + 3616*m - 21. Determine t(p).
5
Let x(k) = -12*k - 13. Let l = -5436 - -5433. Calculate x(l).
23
Suppose 6*o = 13*o - 21. Let z(q) = -26 + 43*q**o + 0*q - q - q**2 - 24*q**3 - 18*q**3. Determine z(0).
-26
Let l(o) = o**2 + 19*o - 336. Let c be l(-30). Let g(w) = w**2 + 38*w + 187. What is g(c)?
-5
Let h(c) be the second derivative of -123*c - 13/2*c**2 + 0 - 1/6*c**3. Calculate h(6).
-19
Let z(r) be the first derivative of -1 - r**2 - 2/3*r**3 + 0*r. Suppose 301*v - 276*v = -50. Calculate z(v).
-4
Let m be (-47)/(-3) - (4 - 16/3). Let g(v) = -v - 10 + 31 - m - v**2. Determine g(3).
-8
Suppose 3*m + 46 = 22. Let x = m + 17. Let o(u) = -u**3 + 2 + x*u - 2*u + 5 - 1 - 4*u**2. Give o(-5).
-4
Let a(v) be the second derivative of -2*v**3/3 - 5*v**2 - 510*v. Give a(15).
-70
Suppose -43 = 5*r - 28. Let d = 63 - 60. Let z(t) = d - t - 3. What is z(r)?
3
Let f(a) = 29*a + 146. Let p(d) = -70*d - 292. Let h(l) = -5*f(l) - 2*p(l). Give h(-29).
-1
Let d be (5 - (-18)/(-4)) + 7/84*6. Let o(h) = -6*h**3 + 10*h**2 - 11*h + 1. Determine o(d).
-6
Let h = 4 + 1. Let i(w) = -h*w - 14 + 3*w + w. Suppose -2789*y - 168 = -2768*y. Determine i(y).
-6
Let d(a) = -42*a + 18. Let h(c) = -4*c. Let i(s) = -d(s) + 12*h(s). Give i(-13).
60
Let i(y) = -2*y**2 - 2*y + 2. Let v(n) = -3*n**2 - 2*n + 3. Let o(k) = -4*i(k) + 3*v(k). Let s = -446 - -444. What is o(s)?
-7
Let y(r) be the second derivative of -r**2 + 1/2*r**4 + 2*r + 1/6*r**3 - 48 - 1/20*r**5. Let t = -4 + 10. Give y(t).
4
Let k(z) = 6*z**3 + 11*z**2 - 3*z + 1. Let i(r) = -7*r**3 - 12*r**2 + 4*r - 1. Let v(q) = -5*i(q) - 6*k(q). Let l = 116 - 121. Give v(l).
-16
Let q(j) = 6*j**2 - 4*j - 8. Suppose 1546 = 6*y + 1558. Calculate q(y).
24
Let s(k) = 1027574 - 1027572 + 5*k**2 + 0*k**2 - k**2 + 3*k. Calculate s(-2).
12
Suppose -10*j = -5*j - 455. Let z = -89 + j. Let g(h) = -8*h + 13*h**z + 5 - 12*h**2 + 5*h. What is g(6)?
23
Let v(n) = -11*n**3 + 9*n**2 + n + 1. Let u(i) = -7*i**3 + 5*i**2 - 8 + 7 + 2. Let x(c) = 8*u(c) - 5*v(c). Give x(-4).
7
Suppose 0 = s - 4*a - 11 - 1, -15*s - 2*a - 6 = 0. Let g(z) = 8*z + 7. Determine g(s).
7
Let g = 14689 + -14700. Let z(k) = -k + 1. What is z(g)?
12
Let p(t) = -3*t - 42. Let l be (-1)/(-3 + 10 + -5)*0. Calculate p(l).
-42
Let j be -1*(0 + -1)*(-4 + -1). Let z be -2*(-10)/(-4)*1/j. Let c(q) = -3*q + 2. Give c(z).
-1
Let p = -18118 + 18120. Let y(l) = l**2 - l + 1. Let m(b) = -5*b**2 + 8*b - 8. Let i(r) = m(r) + 6*y(r). Give i(p).
6
Let w be 82168/20 - ((-36)/(-15) - 3). Let q(g) = -2 - w*g + 0 + 4120*g. Give q(-2).
-24
Let g(c) = 2*c**2 - 7*c - 2. Let p(k) = k**2 - 8*k - 2. Let y(s) = 5*g(s) - 4*p(s). Suppose 71*w - 74*w - 9 = 2*h, 4*h = 3*w - 9. What is y(w)?
7
Let s = -102 + 108. Let a be (2/s - 12/18)*6. Let o(p) = 3*p**2 - 1. Let n(u) = -7*u**2 + 3. Let d(l) = a*n(l) - 5*o(l). Calculate d(1).
-2
Let s(v) = v**3 - v**2 + v + 1. Let w(q) = -6*q**3 + 13*q**2 - 3*q - 10. Let z(b) = 5*s(b) + w(b). Let g = 195 + -187. Give z(g).
11
Let n(f) = -f**3 + 68*f - 44. Let r be n(8). Let m(q) = q**3 + 12*q**2 + 12*q - 4. What is m(r)?
-148
Let f be (12/(-30))/(4/10). Let o be -4*f*1/2. Let j(q) = -5*q**o - 9 + 5 - 3*q + q**3 + 1 + 5*q. Determine j(5).
7
Suppose -80*l + 85*l = -5*t - 45, 4*t + 3*l + 32 = 0. Let c(k) = k**3 + 5*k**2 - 9*k - 12. Give c(t).
33
Let y be 16/(-20)*85/(-34). Let w = -3 - -6. Let p(x) = -w + 4 - 2 - 6*x. Give p(y).
-13
Suppose -4*l + 4*r = 20, 2*l = 6*l - 2*r + 10. Let n(d) be the first derivative of -1/2*d**2 + 220 + 23*d. Give n(l).
23
Suppose 15 - 45 = 5*m. Let u(o) = -o**3 - 8*o**2 + 6*o + 14. Let n(t) = 5*t**3 + 41*t**2 - 30*t - 72. Let h(x) = -3*n(x) - 16*u(x). What is h(m)?
-8
Let b(i) = 9*i**3 - 7*i**2 + 7*i - 1. Let z(n) = 7*n**3 - 5*n**2 + 6*n. Let c(d) = -3*b(d) + 4*z(d). Give c(-3).
-24
Let g = 2699 - 2704. Let w(i) = i**3 + 5*i**2 - 2*i + 11. Give w(g).
21
Suppose -h + 0*p + 4*p - 8 = 0, h = p + 4. Suppose 39*s - 31*s = h. Let i(r) = -r**2 + 0 - 2*r**3 + 1 + 9*r**3. Determine i(s).
7
Let v = -212 + 206. Let f be (-8 + (-15)/(-3))*4/v. Let d(t) = t**2 + 3*t - 1. Give